5 - (11 + -6)
-7
Calculate 12 + (-2 - (-7 - -19)).
-2
Evaluate (0 - (-2 - -1)) + 7 + -9.
-1
(38 - 41) + 1 + 7 + 0
5
Evaluate 10 - 14 - (3 - (8 - 1)).
0
Evaluate 1 + 3 + (-8 - -7).
3
What is -3 + 3 + -1 + 10 + -10?
-1
Evaluate 7 - -1 - (3 + -2 + 4).
3
-5 - (-7 + 0) - 3
-1
Calculate -4 - ((0 - 0) + 3 - 8).
1
Calculate -1 - (-4 - 0) - (1 - -1).
1
What is (-3 - (-11 - -4)) + (0 - -1)?
5
What is -4 + (2 - 11) + 6?
-7
-3 + 0 + (3 - 5)
-5
6 + -1 - (3 - 1)
3
Calculate -1 + -9 - (-11 - -4).
-3
Calculate -7 + -1 + (6 + -2 - -3).
-1
Evaluate 2 + (-1 - (4 - 3)).
0
-3 + 1 + 2 + 2 + 3
5
Calculate 0 - (1 - 4 - -4 - -1).
-2
What is 1 + 7 - (-13 + 21)?
0
-3 + 0 - ((-7 - -4) + 6)
-6
What is the value of -6 - 0 - -16 - 6?
4
5 - (1 - 3 - -10 - 0)
-3
Calculate (-3 - (-4 - -1)) + 3.
3
Evaluate (9 - (-8 - -21)) + 8 + -2.
2
-5 + 3 + (0 - (-2 + -3))
3
1 - (3 - (3 + (4 - 4)))
1
Evaluate (-1 + -3 + -1 - -2) + 2.
-1
Calculate 1 - (4 + -6 + 6) - 1.
-4
1 + 4 + -2 - 8
-5
What is the value of (-1 - -3) + 3 + -5?
0
Calculate -90 - -95 - (5 - 0).
0
What is -2 - (4 + -8 + 7)?
-5
Calculate (17 - (-3 - -6)) + -13.
1
What is the value of (-6 - -2) + 7 - 4?
-1
What is 7 + (-7 - -3) - 6?
-3
-12 + -14 - -17 - (-1 - 4)
-4
What is the value of 1 + (-2 - (-2 + 3 - 3))?
1
3 + (-7 - -3) + 11 + -6
4
What is the value of 3 - 9 - -3 - (1 - 1)?
-3
What is 64 + -66 - (0 + -5 + 2)?
1
Calculate (2 - (10 + -1)) + 5.
-2
What is the value of 3 - (13 + -8 + -5 + 7)?
-4
Evaluate 9 + -5 + (-1 - -1).
4
What is the value of 4 - (-2 + 2 - -5)?
-1
What is 0 + 3 - (22 - 25)?
6
What is the value of 1 - ((8 + -22 - -9) + 1)?
5
What is (17 - 21) + -2 - (-2 - -2)?
-6
What is the value of (2 - (0 + -3) - 3) + 2?
4
What is the value of (1 - 2 - (-2 + -6)) + -1?
6
Calculate -8 + (-1 - -3) - -1.
-5
Evaluate 4 - (-1 + (1 - (-4 + 3))).
3
What is -4 - (-2 - 1 - -2)?
-3
Evaluate -4 - -8 - (9 + 0).
-5
1 + (7 + -4 - 1) + -1
2
Evaluate 3 - (-2 + 0 - -5).
0
Evaluate 20 - (8 + -15 - -13) - 8.
6
What is -8 + 14 - (-3 - 4 - -14)?
-1
Calculate -1 - (3 + 3 + -2 + 1).
-6
2 - ((-2 - 5) + 6)
3
What is the value of -8 - -15 - ((-5 - -5) + 2)?
5
Evaluate (0 - 1 - 1) + (32 - 29).
1
8 + -6 - 0 - (4 - 0)
-2
Calculate (4 - 1) + -9 + 12 + -6.
0
What is the value of (7 - -1) + (5 - 8)?
5
Calculate (18 - 26) + 2 + 4.
-2
What is the value of -119 - -114 - ((1 - 1) + -6)?
1
What is the value of -5 - (10 + -3 + -14) - 3?
-1
What is (2 - (4 + -1)) + -5 - -2?
-4
Calculate 11 + -1 + -14 + 9.
5
What is the value of -2 - -4 - (0 + 8 + -5)?
-1
What is -7 + 2 + -8 + 0 + 20?
7
What is the value of 7 + (4 - (4 + 3)) + 1?
5
Evaluate 23 + -8 + -13 - 5.
-3
What is the value of 8 + -15 - (4 + (-4 - 1))?
-6
Evaluate 6 - (5 - (1 + -2)).
0
What is 2 - (6 - 13 - -14)?
-5
(0 - (-1 - 3)) + 3 + -2
5
What is the value of -11 + 4 + 5 + -4?
-6
What is the value of -1 + 13 + 27 + -33?
6
What is the value of 6 - (5 - (8 + -4))?
5
What is the value of (12 - (1 + 6 + -3)) + -1?
7
What is the value of 1 - (8 - 9 - -5)?
-3
What is -7 - (-2 + -3 + 5)?
-7
Calculate -8 + ((-1 - -15) + -7 - 1).
-2
Evaluate -5 - (3 + (1 - 16 - -1)).
6
-6 + -2 + (-4 - (-8 - -1))
-5
What is the value of (-8 + -5 - -4) + 5?
-4
-7 + (5 - -8 - 1)
5
Evaluate -4 + (-2 - -4 - -5).
3
What is the value of 11 - (1 - (3 + -2))?
11
Calculate 8 + (-3 - 10) + 2 + 4.
1
Calculate -1 + 2 - (0 + -2).
3
Calculate 6 - (2 + -1 - (5 - 8)).
2
What is -1 + 1 + (6 - 3)?
3
Evaluate -3 + -9 + 10 - (-7 - 0).
5
Evaluate 8 + -2 - (2 + 10 + 0).
-6
Evaluate -1 + 2 + (-3 - -2).
0
Calculate -3 + (-5 - (-7 + -3)).
2
What is the value of -32 - -29 - (-5 + 0)?
2
2 + -4 + -7 + 6
-3
Evaluate 7 + (4 + 2 - 11).
2
What is 4 - (-5 + -1 - -17)?
-7
-9 - (-19 + 0 - -8)
2
-1 + -2 + (11 - 6)
2
(12 - 6) + (-6 - 0)
0
What is 2 + -8 - (18 - (20 - 5))?
-9
(-4 - (-3 + 0)) + (4 - 0)
3
What is the value of 6 - (0 + 4) - (5 - 6)?
3
What is (0 - -3) + (28 - 25) + 4?
10
Evaluate (30 - 27) + (1 - (1 - 0)).
3
Evaluate 0 - (5 + (5 - 9)) - -6.
5
Evaluate (4 - (10 - 3)) + 14 + -5.
6
(-1 + 4 - 10) + 10
3
What is the value of (-5 - -2) + (-13 + 0 - -10)?
-6
What is -1 - (0 - 1 - 0)?
0
Calculate -1 + 3 - (14 - 16) - -2.
6
-6 + (10 - 9 - -12)
7
What is the value of -2 - (-1 + 0 - -3)?
-4
What is 0 + (1 - (-3 - 1)) - 5?
0
What is -3 - ((-3 - 1) + -4)?
5
-40 - -39 - (0 - 2)
1
What is 2 + 0 + -6 + 5 + -6?
-5
Evaluate 4 - (-8 + (8 + -8 - -10)).
2
Evaluate 2 + (-12 - (0 - 16)).
6
Calculate (0 - (-1 - (4 + -4))) + 1.
2
Calculate 3 - (5 + (-4 - 1)) - 0.
3
Calculate (-7 - (-1 + -2 + 0)) + -1.
-5
What is -22 + 15 - (0 - 5)?
-2
Calculate -1 - (4 + (1 + 1 - 2)).
-5
Evaluate 3 + (-1 - 7) - (-18 + 12).
1
(0 - 1) + 0 + 4
3
4 + -1 + 1 - -2
6
What is -2 - -4 - (-2 - -1)?
3
Evaluate 3 + 2 + 1 + -1.
5
What is 5 + -3 + (-5 - -10) - 2?
5
Evaluate 9 + -8 + -8 + 9 + -1.
1
What is 5 - (1 + (8 - 2 - 0))?
-2
Calculate (8 - (10 - 2)) + 0 + 4.
4
Calculate -13 + 7 + -3 - -14.
5
What is the value of (15 - 11) + 3 + -1 + -4?
2
2 + (-3 - 2) + (1 - 2)
-4
Calculate -2 + (2 - 2) - (-8 - -3).
3
Calculate (-4 - 0) + 6 + 3.
5
What is -8 + (2 - -2 - 2)?
-6
What is the value of 1 - (2 - (5 + -2 + 2))?
4
What is the value of 5 - (-5 - (-5 - 5))?
0
Evaluate (-7 - -17) + -2 - 13.
-5
What is -2 + (-2 + -3 - -5) - 1?
-3
Evaluate 2 - (-3 + 7 - 3).
1
12 - (4 + (-4 - -9))
3
Calculate -1 + -6 - (-12 - (1 - 1)).
5
Calculate 10 - (30 - (0 + 13)).
-7
What is the value of -5 - (8 - 3 - 14)?
4
Evaluate 0 + (2 - (5 + -4)).
1
What is -4 + 2 + (2 - 3) + -1?
-4
Calculate 6 + -20 + (6 - -2).
-6
What is -4 + -5 + 4 + (3 - 4)?
-6
(-3 - -5) + 12 - 7 - 0
7
-4 + (12 - (-2 - -9))
1
What is 8 + -11 - -8 - 2?
3
What is the value of (1 - -4) + (9 - 8)?
6
Calculate 8 - (1 + 12 + -3).
-2
What is the value of -4 - -5 - (-2 - -1) - -2?
4
-1 + (2 - (4 + 2 + -4))
-1
What is the value of (3 - (-4 - -5)) + 0?
2
What is -1 + (11 - (6 - (-4 - -8)))?
8
-3 + 3 - (3 + -1 + -3)
1
What is the value of (1 - -2) + -1 + 3?
5
Evaluate 3 + -6 - (0 + 1).
-4
What is -18 + 30 + -13 - (-3 + 1)?
1
What is 0 + 0 + 5 + -2?
3
8 + -17 + 9 + 2
2
What is 27 + -14 - (2 + 10)?
1
What is the value of 6 - (1 + -5 - -6)?
4
What is the value of 6 + (1 - 1) + -4?
2
What is -8 + 5 + 6 + 2?
5
What is the value of (10 - 8) + (-1 - 0) + -2?
-1
Calculate 0 + -2 + (2 - (4 - 8)).
4
What is the value of 5 + (3 - -2) + -6?
4
What is the value of 0 + 1 + (-3 - -4) + -7?
-5
6 + -6 + 8 + -11 - 3
-6
What is (6 + -8 - -5) + 3?
6
What is 23 + -23 + 1 + 1?
2
What is 13 - (-3 + 3 + 7)?
6
Evaluate 5 + 0 + -8 + (8 - 0).
5
10 + -5 + -10 + -3 + 15
7
What is the value of -6 + (-5 - -12) - 0?
1
What is -1 + -3 + 3 + 2 + -8?
-7
4 + -5 - (12 - 18)
5
8 + -9 + -7 + 11
3
(4 - 12) + (-3 - 0 - -8)
-3
What is -2 + (1 - (3 + 0)) - -1?
-3
What is 7 - (4 + -7 + 14)?
-4
Calculate 13 + -11 + -5 + 10.
7
0 - (4 + -1 + -2)
-1
Calculate -1 + (11 + -20 - -14).
4
Evaluate 0 - 1 - (-9 + 10 + -6).
4
What is 0 + (4 - 2) + -2?
0
Evaluate -2 - 1 - (5 - (5 + 1)).
-2
-1 + -7 + -46 + 51
-3
Evaluate 0 + 22 + -20 - (1 + -5).
6
Evaluate -3 + 0 - (22 + -10 + -8).
-7
What is the value of 11 - ((1 - 3) + 4)?
9
What is the value of -8 + -1 + 2 + 0 - -3?
-4
-2 - (-2 + (0 - (-6 + 3)))
-3
What is -19 - -12 - (-3 + 0)?
-4
Calculate 0 - 3 - (-1 + 3).
-5
(-3 - -3) + -9 - -6
-3
Calculate (8 + -4 - -3) + -8.
-1
What is (71 - 77) + (0 + -1 - -7)?
0
What is the value of 0 + -7 - (-12 + 7)?
-2
4 + (4 - 8) + (-11 - -4)
-7
What is the value of 0 - (-2 - -5) - (-1 + 5)?
-7
What is the value of -2 - -1 - (4 + -6 - -4)?
-3
9 + (1 + (5 - 2) - 8)
5
What is the value of (3 - (5 + -3)) + -2 + 3?
2
What is (70 - 72) + (3 - (1 + -2))?
2
Evaluate -2 - ((-10 - -9) + 0).
-1
Evaluate 1 + -6 - (-3 - 1).
-1
Evaluate 6 - (15 + -9 + 0).
0
Calculate -3 - ((-7 - -2) + 10).
-8
What is -3 + (4 - (1 + -2) - 2)?
0
Evaluate -8 - (-3 - 0) - (-22 + 23).
-6
-1 + -9 + 5 + 2 + -4
-7
1 + (-2 + 5 - (29 + -19))
-6
Calculate (-2 - 5 - 7) + 7.
-7
What is the value of (-1 - -2 - 8) + 3?
-4
What is the value of 1 + 3 - (-7 + 9) - 5?
-3
What is 0 + 29 + -31 + (-2 - 0)?
-4
What is the value of 3 + (2 - 1) + -3 - -1?
2
What is 10 + -14 + -1 + (-3 - -2)?
-6
-1 - -4 - 5 - 6
-8
Evaluate -3 + -2 - (7 + 11 + -22).
-1
Evaluate -4 + -5 + 7 - (11 - 5).
-8
What is -5 + -4 + 7 + 6 + -9?
-5
Evaluate -377 - -377 - (-6 + (0 - 1)).
7
Calculate 140 + -131 + (-10 - -1).
0
Calcul